3)?
16
Suppose 2*j - 6*j + 12 = 0. Suppose j*h = 6*h. Suppose h = -4*f + f + 99. Calculate the remainder when f is divided by 12.
9
Suppose 4*i + 13 - 156 = -z, -4*z + 152 = 4*i. What is the remainder when 102 is divided by i?
32
Suppose -5 - 4 = -3*u. Let m = 11 + u. What is the remainder when (-2 - 1)*1 + 30 is divided by m?
13
Suppose 0*c = -4*c + 244. Suppose -4*m = 4*k - 56, 6*k - 2*k - m = 66. Calculate the remainder when c is divided by k.
13
Let n = 12 + -8. Let v be ((-46)/(-8))/(2/(-8)). Let s = v - -34. What is the remainder when s is divided by n?
3
Suppose 14 = -5*u - 1. Let n = u + 7. What is the remainder when (-25)/(-4) + (-2)/8 is divided by n?
2
Let j = 15 + -3. Let f = j + 21. Calculate the remainder when f is divided by (1/(-3))/((-2)/102).
16
Let b be (-7)/2*(-20)/7. Let z = b - 6. What is the remainder when 7 is divided by z?
3
Let f = 54 + 16. Suppose 2*i - f = -22. Calculate the remainder when i is divided by 13.
11
Suppose -2*n + 28 = 2*n. Let k = -212 - -230. Calculate the remainder when k is divided by n.
4
Let y(t) be the second derivative of -3*t**3/2 - t**2 + t. What is the remainder when y(-2) is divided by 4 + (-28)/21 + (-20)/(-6)?
4
Let n(m) = -m**3 + 2*m**2 + 3*m. Let f be n(3). Suppose f = o - 3*o + 22. Calculate the remainder when 20 is divided by o.
9
Calculate the remainder when (1/(-3))/(8/(-936)) is divided by 10.
9
Suppose 0 = 17*a - 12*a - 115. Calculate the remainder when a is divided by 2/(1 + -3) + 9.
7
Suppose -z + 2*z = 8. Suppose 27 = -2*n + 3*n. Calculate the remainder when n is divided by z.
3
Suppose -4*v + 169 = 33. Calculate the remainder when v is divided by 0 - -14 - (-2 + 4).
10
Let g(j) = -j**3 + 9*j**2 + j. Calculate the remainder when 34 is divided by g(9).
7
Suppose 3*k - 7*k - 44 = 0. Let p = k - -16. What is the remainder when 34/4 + (-1)/2 is divided by p?
3
Let t = 36 - -12. What is the remainder when t is divided by 10?
8
Let r = 252 - 221. Let h = 11 - 3. What is the remainder when r is divided by h?
7
Calculate the remainder when 214 is divided by (-60)/(-2) + (-10)/(-10).
28
Let q(x) = -2*x**2 + 19*x - 19. What is the remainder when 14 is divided by q(8)?
4
Let i = -11 + 20. Let v(o) = i - 8*o - 4*o**2 - o**2 + 4*o**2. Calculate the remainder when v(-8) is divided by 5.
4
Let s = 590 - 357. Calculate the remainder when s is divided by 59.
56
Suppose -14*i = -12*i + 8. What is the remainder when 14 is divided by (i/5)/(2/(-10))?
2
Let t(b) = -14*b + 10. Calculate the remainder when t(-6) is divided by 16.
14
Suppose 0*u = 2*u + 6. Let q be (8/(-3))/((-14)/21). Let k = q - u. Calculate the remainder when k is divided by 3.
1
Suppose -p + 3*v + 336 = 0, 2*v = -3*p + 5*v + 1020. Suppose -5*b + p = -2*b. What is the remainder when b is divided by 29?
27
Let b be (9/6)/((-1)/(-2)). Suppose 4*d + 302 = z - b*z, -5*d = -z + 395. Let o = 110 + d. What is the remainder when o is divided by 11?
10
Suppose 0 = w - 16 - 0. Suppose 2*u - 4 = -2*f, -2*u = u - 4*f - 41. Suppose -15 = -u*j + 2*j, -2*j - 39 = -5*y. What is the remainder when w is divided by y?
7
Suppose 7*w + 3 = -3*a + 12*w, -5*w = -5*a + 5. Let x be ((-4)/3)/((-1)/3). Suppose -x*u - 3 = -15. Calculate the remainder when a is divided by u.
1
Let h = 134 + -35. Suppose 3*z + 24 = h. Calculate the remainder when 97 is divided by z.
22
Suppose 4*m - 5*b - 22 = 3*m, -2*m = -2*b - 12. Suppose -3*z - 34 = m*x, 0*x + x - 19 = 3*z. Calculate the remainder when (30/z)/(6/(-16)) is divided by 4.
2
Let x(u) be the third derivative of u**4/24 - 7*u**3/6 - 2*u**2. Let n be x(10). Suppose 16 = -n*q + 5*q. What is the remainder when 15 is divided by q?
7
Suppose -4 = l - 4*a + 7, 4 = a. Calculate the remainder when 13 is divided by l.
3
What is the remainder when 250/6 + 11/33 is divided by 23?
19
Suppose -5*f + 54 = -21. Let k = 277 - 192. Let u = 128 - k. What is the remainder when u is divided by f?
13
Calculate the remainder when (1 - 1168/(-10)) + 25/125 is divided by 30.
28
Let i = -5 - -26. Let r = 35 - i. What is the remainder when (-2)/(-7) - 360/(-14) is divided by r?
12
Let o = -2 - -9. What is the remainder when o is divided by 2?
1
Let o(j) = 2*j**2 - 5*j + 4. Let y be 2/(((-6)/(-123))/1). Suppose 4*s - 105 = -y. Calculate the remainder when o(6) is divided by s.
14
Let u(p) = p**2 + 5*p - 9. Let c be u(-7). What is the remainder when (c - 1) + 86 + -1 is divided by 18?
17
Suppose -t = -3*t + 2*p - 46, 3*p = -4*t - 78. Let l = t + 34. What is the remainder when 36 is divided by l?
10
Suppose 0 = a + 2*a - 6. Suppose n - 21 = -a*n. Calculate the remainder when (-1)/(1/(-12)*1) is divided by n.
5
Let d be (-7)/(-2) - (-1)/(-2). Let i(f) = -f**3 + 2*f**2 + 4*f + 1. Suppose 14 = 2*m - 8. Calculate the remainder when m is divided by i(d).
3
Suppose 0 = -5*d + 12 + 58. Let b(o) = o + 20. What is the remainder when b(7) is divided by d?
13
Let p = 108 + -56. Let h = 16 + -7. What is the remainder when (p - 1)*2/6 is divided by h?
8
Let x(a) = -a + 2. Let w be x(6). Calculate the remainder when 4/(-8) - 70/w is divided by 5.
2
Let a(z) = 963*z. Let o be a(1). What is the remainder when o/63 - (-4)/(-14) is divided by 8?
7
Let q(a) = -a. Let s be q(-6). Suppose -n + s + 7 = 0. Calculate the remainder when n is divided by 8.
5
Let r = -82 + 212. Calculate the remainder when (-20)/r - 576/(-26) is divided by 8.
6
Suppose -q = 2*g - 12 - 0, 68 = 4*q + 3*g. Calculate the remainder when q is divided by 46/4 + 3/(-6)*1.
9
Let m be (13 + 1)/(-4 - -3). What is the remainder when (5/3)/(m/(-210)) is divided by 7?
4
Suppose -m - 3*c = 4, 4*m - m + 4 = -5*c. Let y = 1 + 1. What is the remainder when y is divided by m?
0
Suppose 3*u = w + 167, -w + 106 = 2*u + w. What is the remainder when u is divided by 14?
13
Let w be (-4)/(-2)*(-3)/2. Let c be (-4 - w)*3*-1. Suppose -c*z + 0*z = -15. Calculate the remainder when 7 is divided by z.
2
What is the remainder when 68 is divided by ((-36)/(-8))/((-4)/(64/(-3)))?
20
Let t(d) = -d + 4. What is the remainder when 49 is divided by t(-9)?
10
Suppose -3*z = 58 - 157. Suppose 0 = f - 2*i + 30, 0 = 6*f - f - 2*i + 110. Calculate the remainder when z is divided by f/90 - 220/(-18).
9
Let z = -2 - 0. Suppose -47 = n - 86. Calculate the remainder when n is divided by (-22)/z - -2 - -1.
11
Suppose 3*c - f - 19 = -5*f, -5*f = 5*c - 30. Suppose -5*t = -0*t - c. What is the remainder when 3 is divided by t?
0
Let f(h) = -5*h + 3. What is the remainder when (54 - 0) + (-6)/3 is divided by f(-3)?
16
Suppose -x = -2, 0 = 3*n + 2*x - 11 + 1. Suppose m + 95 = 3*m - 5*l, -4*m + 5*l = -175. What is the remainder when m is divided by 7*n*(0 + 1)?
12
Suppose 2*r = r + 2, -5*l + 285 = 5*r. What is the remainder when l is divided by 14?
13
Suppose -2*t + 4 - 36 = 0. What is the remainder when 43 is divided by (132/t)/((-6)/16)?
21
Let m(a) = 3*a**2 - 7*a + 2 - a**2 - a**2. Let z be m(7). Calculate the remainder when (3/(-2))/(z/(-52)) is divided by 20.
19
Suppose 0 = -0*g - 6*g + 42. What is the remainder when 39 is divided by g?
4
Suppose 3*p + 15 + 24 = 0. Let k = -5 - p. Calculate the remainder when (6/4)/1*10 is divided by k.
7
Suppose -34 = -4*h + 2*h. Suppose 11 = 2*o - o. Suppose o = u + 2. What is the remainder when h is divided by u?
8
Suppose -108 = -3*v + 3*m, -m - 132 = -5*v + 60. Calculate the remainder when v is divided by 14.
11
Suppose i - 11 = -4*v - v, 5*v + 3*i - 13 = 0. Let h = 5 + -2. Suppose -3*z + 17 = j, h*z - 2 = -5*j + 23. Calculate the remainder when z is divided by v.
1
Let m be (-1 - (-2 + 2))*-1. Let r = 10 - m. Let g = -6 + r. Calculate the remainder when 8 is divided by g.
2
Suppose 10*t - 14*t + 32 = 0. Calculate the remainder when 27 is divided by t.
3
Let g(v) = 3*v**3 - 2*v + 3*v - 1 + 0*v. Let w be g(1). Suppose w*m + 0*m - 27 = 0. What is the remainder when 26 is divided by m?
8
Suppose 0 = -3*z - 4*s + 40, 4*z - 5*z + 20 = 3*s. Calculate the remainder when 55 is divided by z.
7
Suppose -5*g - 162 = 2*f - 4*f, -4*f - 2*g + 348 = 0. Calculate the remainder when f is divided by 45.
41
Suppose -2*f + o = -8, 4*f - 24 = -3*o + o. Suppose -5*v + 33 = -4*s, 3*s + 30 = 3*v + 4*s. What is the remainder when v is divided by f?
4
Suppose 0 = -4*z + b - 4*b + 46, -3*z - 3*b + 33 = 0. What is th